{"id":1141,"date":"2025-02-20T17:58:03","date_gmt":"2025-02-20T16:58:03","guid":{"rendered":"https:\/\/restoquebueno.be\/?page_id=1141"},"modified":"2025-02-22T15:15:07","modified_gmt":"2025-02-22T14:15:07","slug":"animations","status":"publish","type":"page","link":"https:\/\/restoquebueno.be\/?page_id=1141","title":{"rendered":"\u00c9v\u00e8nements &#038; Animations"},"content":{"rendered":"\t\t<div data-elementor-type=\"wp-page\" data-elementor-id=\"1141\" class=\"elementor elementor-1141\" data-elementor-post-type=\"page\">\n\t\t\t\t\t\t<section class=\"elementor-section elementor-top-section elementor-element elementor-element-c003741 elementor-section-boxed elementor-section-height-default elementor-section-height-default\" data-id=\"c003741\" data-element_type=\"section\" data-e-type=\"section\">\n\t\t\t\t\t\t<div class=\"elementor-container elementor-column-gap-default\">\n\t\t\t\t\t<div class=\"elementor-column elementor-col-50 elementor-top-column elementor-element elementor-element-67fd6f6\" data-id=\"67fd6f6\" data-element_type=\"column\" data-e-type=\"column\">\n\t\t\t<div class=\"elementor-widget-wrap elementor-element-populated\">\n\t\t\t\t\t\t<div class=\"elementor-element elementor-element-98c9457 elementor-widget elementor-widget-image\" data-id=\"98c9457\" data-element_type=\"widget\" data-e-type=\"widget\" data-widget_type=\"image.default\">\n\t\t\t\t<div class=\"elementor-widget-container\">\n\t\t\t\t\t\t\t\t\t\t\t\t\t\t\t<img fetchpriority=\"high\" decoding=\"async\" width=\"300\" height=\"300\" src=\"https:\/\/restoquebueno.be\/wp-content\/uploads\/2025\/02\/276214856_10226718574006803_8779901425590698655_n-300x300.jpg\" class=\"attachment-medium size-medium wp-image-1193\" alt=\"\" srcset=\"https:\/\/restoquebueno.be\/wp-content\/uploads\/2025\/02\/276214856_10226718574006803_8779901425590698655_n-300x300.jpg 300w, https:\/\/restoquebueno.be\/wp-content\/uploads\/2025\/02\/276214856_10226718574006803_8779901425590698655_n-1024x1024.jpg 1024w, https:\/\/restoquebueno.be\/wp-content\/uploads\/2025\/02\/276214856_10226718574006803_8779901425590698655_n-150x150.jpg 150w, https:\/\/restoquebueno.be\/wp-content\/uploads\/2025\/02\/276214856_10226718574006803_8779901425590698655_n-768x768.jpg 768w, https:\/\/restoquebueno.be\/wp-content\/uploads\/2025\/02\/276214856_10226718574006803_8779901425590698655_n-1536x1536.jpg 1536w, https:\/\/restoquebueno.be\/wp-content\/uploads\/2025\/02\/276214856_10226718574006803_8779901425590698655_n-600x600.jpg 600w, https:\/\/restoquebueno.be\/wp-content\/uploads\/2025\/02\/276214856_10226718574006803_8779901425590698655_n-1000x1000.jpg 1000w, https:\/\/restoquebueno.be\/wp-content\/uploads\/2025\/02\/276214856_10226718574006803_8779901425590698655_n.jpg 2048w\" sizes=\"(max-width: 300px) 100vw, 300px\" \/>\t\t\t\t\t\t\t\t\t\t\t\t\t\t\t<\/div>\n\t\t\t\t<\/div>\n\t\t\t\t\t<\/div>\n\t\t<\/div>\n\t\t\t\t<div class=\"elementor-column elementor-col-50 elementor-top-column elementor-element elementor-element-2744920\" data-id=\"2744920\" data-element_type=\"column\" data-e-type=\"column\">\n\t\t\t<div class=\"elementor-widget-wrap elementor-element-populated\">\n\t\t\t\t\t\t<div class=\"elementor-element elementor-element-9ec6fcd elementor-widget elementor-widget-text-editor\" data-id=\"9ec6fcd\" data-element_type=\"widget\" data-e-type=\"widget\" data-widget_type=\"text-editor.default\">\n\t\t\t\t<div class=\"elementor-widget-container\">\n\t\t\t\t\t\t\t\t\t<p data-start=\"0\" data-end=\"52\"><img decoding=\"async\" class=\"emoji\" role=\"img\" draggable=\"false\" src=\"https:\/\/s.w.org\/images\/core\/emoji\/15.0.3\/svg\/1f525.svg\" alt=\"\ud83d\udd25\" \/> <strong data-start=\"3\" data-end=\"43\">Ambiance 100 % espagnole chez nous !<\/strong> <img decoding=\"async\" class=\"emoji\" role=\"img\" draggable=\"false\" src=\"https:\/\/s.w.org\/images\/core\/emoji\/15.0.3\/svg\/1f1ea-1f1f8.svg\" alt=\"\ud83c\uddea\ud83c\uddf8\" \/><img decoding=\"async\" class=\"emoji\" role=\"img\" draggable=\"false\" src=\"https:\/\/s.w.org\/images\/core\/emoji\/15.0.3\/svg\/1f3b6.svg\" alt=\"\ud83c\udfb6\" \/><\/p><p data-start=\"54\" data-end=\"260\">Certains dimanches et certaines soir\u00e9es, laissez-vous emporter par la passion du <strong data-start=\"135\" data-end=\"147\">Flamenco<\/strong> ! <img decoding=\"async\" class=\"emoji\" role=\"img\" draggable=\"false\" src=\"https:\/\/s.w.org\/images\/core\/emoji\/15.0.3\/svg\/1f483.svg\" alt=\"\ud83d\udc83\" \/> Des danseuses envo\u00fbtantes viennent enflammer le restaurant avec une performance pleine d\u2019\u00e9motion et d\u2019\u00e9nergie.<\/p><p data-start=\"262\" data-end=\"397\">Et pour encore plus d\u2019ambiance, des <strong data-start=\"298\" data-end=\"332\">groupes espagnols de la r\u00e9gion<\/strong> animent nos soir\u00e9es \u00e0 th\u00e8me avec musique et bonne humeur. <img decoding=\"async\" class=\"emoji\" role=\"img\" draggable=\"false\" src=\"https:\/\/s.w.org\/images\/core\/emoji\/15.0.3\/svg\/1f3b8.svg\" alt=\"\ud83c\udfb8\" \/><img decoding=\"async\" class=\"emoji\" role=\"img\" draggable=\"false\" src=\"https:\/\/s.w.org\/images\/core\/emoji\/15.0.3\/svg\/1f3a4.svg\" alt=\"\ud83c\udfa4\" \/><\/p><p data-start=\"399\" data-end=\"513\" data-is-last-node=\"\" data-is-only-node=\"\"><img decoding=\"async\" class=\"emoji\" role=\"img\" draggable=\"false\" src=\"https:\/\/s.w.org\/images\/core\/emoji\/15.0.3\/svg\/1f31f.svg\" alt=\"\ud83c\udf1f\" \/> Un voyage en\u00a0Espagne sans quitter votre table !<br data-start=\"449\" data-end=\"452\" \/><img decoding=\"async\" class=\"emoji\" role=\"img\" draggable=\"false\" src=\"https:\/\/s.w.org\/images\/core\/emoji\/15.0.3\/svg\/1f449.svg\" alt=\"\ud83d\udc49\" \/> Restez connect\u00e9s pour ne pas manquer ces moments uniques !<\/p><p data-start=\"399\" data-end=\"513\" data-is-last-node=\"\" data-is-only-node=\"\"><a href=\"https:\/\/www.facebook.com\/profile.php?id=100049211145065&amp;sk=photos\"><img decoding=\"async\" class=\"wp-image-1068 aligncenter\" src=\"https:\/\/restoquebueno.be\/wp-content\/uploads\/2025\/02\/facebook-76658_1280-300x150.png\" alt=\"\" width=\"82\" height=\"41\" \/><\/a><\/p><p style=\"margin-bottom: 1.41578em;\">\u00a0<\/p>\t\t\t\t\t\t\t\t<\/div>\n\t\t\t\t<\/div>\n\t\t\t\t\t<\/div>\n\t\t<\/div>\n\t\t\t\t\t<\/div>\n\t\t<\/section>\n\t\t\t\t<section class=\"elementor-section elementor-top-section elementor-element elementor-element-42e2b23 elementor-section-boxed elementor-section-height-default elementor-section-height-default\" data-id=\"42e2b23\" data-element_type=\"section\" data-e-type=\"section\">\n\t\t\t\t\t\t<div class=\"elementor-container elementor-column-gap-default\">\n\t\t\t\t\t<div class=\"elementor-column elementor-col-100 elementor-top-column elementor-element elementor-element-a872d62\" data-id=\"a872d62\" data-element_type=\"column\" data-e-type=\"column\">\n\t\t\t<div class=\"elementor-widget-wrap elementor-element-populated\">\n\t\t\t\t\t\t<div class=\"elementor-element elementor-element-a0d3019 elementor-widget elementor-widget-heading\" data-id=\"a0d3019\" data-element_type=\"widget\" data-e-type=\"widget\" data-widget_type=\"heading.default\">\n\t\t\t\t<div class=\"elementor-widget-container\">\n\t\t\t\t\t<h2 class=\"elementor-heading-title elementor-size-default\">\u00c9v\u00e8nements pass\u00e9s<\/h2>\t\t\t\t<\/div>\n\t\t\t\t<\/div>\n\t\t\t\t\t<\/div>\n\t\t<\/div>\n\t\t\t\t\t<\/div>\n\t\t<\/section>\n\t\t\t\t<section class=\"elementor-section elementor-top-section elementor-element elementor-element-5b84a3b elementor-section-boxed elementor-section-height-default elementor-section-height-default\" data-id=\"5b84a3b\" data-element_type=\"section\" data-e-type=\"section\">\n\t\t\t\t\t\t<div class=\"elementor-container elementor-column-gap-default\">\n\t\t\t\t\t<div class=\"elementor-column elementor-col-100 elementor-top-column elementor-element elementor-element-b7f88fa\" data-id=\"b7f88fa\" data-element_type=\"column\" data-e-type=\"column\">\n\t\t\t<div class=\"elementor-widget-wrap elementor-element-populated\">\n\t\t\t\t\t\t<div class=\"elementor-element elementor-element-6103f75 elementor-widget elementor-widget-gallery\" data-id=\"6103f75\" data-element_type=\"widget\" data-e-type=\"widget\" data-settings=\"{&quot;columns&quot;:5,&quot;lazyload&quot;:&quot;yes&quot;,&quot;gallery_layout&quot;:&quot;grid&quot;,&quot;columns_tablet&quot;:2,&quot;columns_mobile&quot;:1,&quot;gap&quot;:{&quot;unit&quot;:&quot;px&quot;,&quot;size&quot;:10,&quot;sizes&quot;:[]},&quot;gap_tablet&quot;:{&quot;unit&quot;:&quot;px&quot;,&quot;size&quot;:10,&quot;sizes&quot;:[]},&quot;gap_mobile&quot;:{&quot;unit&quot;:&quot;px&quot;,&quot;size&quot;:10,&quot;sizes&quot;:[]},&quot;link_to&quot;:&quot;file&quot;,&quot;aspect_ratio&quot;:&quot;3:2&quot;,&quot;overlay_background&quot;:&quot;yes&quot;,&quot;content_hover_animation&quot;:&quot;fade-in&quot;}\" data-widget_type=\"gallery.default\">\n\t\t\t\t<div class=\"elementor-widget-container\">\n\t\t\t\t\t\t\t<div class=\"elementor-gallery__container\">\n\t\t\t\t\t\t\t<a class=\"e-gallery-item elementor-gallery-item elementor-animated-content\" href=\"https:\/\/restoquebueno.be\/wp-content\/uploads\/2025\/02\/348625982_1351272902271180_3572433320938048162_n.jpg\" data-elementor-open-lightbox=\"yes\" data-elementor-lightbox-slideshow=\"6103f75\" data-elementor-lightbox-title=\"348625982_1351272902271180_3572433320938048162_n\" data-e-action-hash=\"#elementor-action%3Aaction%3Dlightbox%26settings%3DeyJpZCI6MTI5MiwidXJsIjoiaHR0cHM6XC9cL3Jlc3RvcXVlYnVlbm8uYmVcL3dwLWNvbnRlbnRcL3VwbG9hZHNcLzIwMjVcLzAyXC8zNDg2MjU5ODJfMTM1MTI3MjkwMjI3MTE4MF8zNTcyNDMzMzIwOTM4MDQ4MTYyX24uanBnIiwic2xpZGVzaG93IjoiNjEwM2Y3NSJ9\">\n\t\t\t\t\t<div class=\"e-gallery-image elementor-gallery-item__image\" data-thumbnail=\"https:\/\/restoquebueno.be\/wp-content\/uploads\/2025\/02\/348625982_1351272902271180_3572433320938048162_n-198x300.jpg\" data-width=\"198\" data-height=\"300\" aria-label=\"\" role=\"img\" ><\/div>\n\t\t\t\t\t\t\t\t\t\t\t<div class=\"elementor-gallery-item__overlay\"><\/div>\n\t\t\t\t\t\t\t\t\t\t\t\t\t\t<\/a>\n\t\t\t\t\t\t\t<a class=\"e-gallery-item elementor-gallery-item elementor-animated-content\" href=\"https:\/\/restoquebueno.be\/wp-content\/uploads\/2025\/02\/concert22.jpg\" data-elementor-open-lightbox=\"yes\" data-elementor-lightbox-slideshow=\"6103f75\" data-elementor-lightbox-title=\"concert22\" data-e-action-hash=\"#elementor-action%3Aaction%3Dlightbox%26settings%3DeyJpZCI6MTQ4OCwidXJsIjoiaHR0cHM6XC9cL3Jlc3RvcXVlYnVlbm8uYmVcL3dwLWNvbnRlbnRcL3VwbG9hZHNcLzIwMjVcLzAyXC9jb25jZXJ0MjIuanBnIiwic2xpZGVzaG93IjoiNjEwM2Y3NSJ9\">\n\t\t\t\t\t<div class=\"e-gallery-image elementor-gallery-item__image\" data-thumbnail=\"https:\/\/restoquebueno.be\/wp-content\/uploads\/2025\/02\/concert22-212x300.jpg\" data-width=\"212\" data-height=\"300\" aria-label=\"\" role=\"img\" ><\/div>\n\t\t\t\t\t\t\t\t\t\t\t<div class=\"elementor-gallery-item__overlay\"><\/div>\n\t\t\t\t\t\t\t\t\t\t\t\t\t\t<\/a>\n\t\t\t\t\t\t\t<a class=\"e-gallery-item elementor-gallery-item elementor-animated-content\" href=\"https:\/\/restoquebueno.be\/wp-content\/uploads\/2025\/02\/466417121_1225140329136327_3497827047485058096_n.jpg\" data-elementor-open-lightbox=\"yes\" data-elementor-lightbox-slideshow=\"6103f75\" data-elementor-lightbox-title=\"466417121_1225140329136327_3497827047485058096_n\" data-e-action-hash=\"#elementor-action%3Aaction%3Dlightbox%26settings%3DeyJpZCI6MTUwMSwidXJsIjoiaHR0cHM6XC9cL3Jlc3RvcXVlYnVlbm8uYmVcL3dwLWNvbnRlbnRcL3VwbG9hZHNcLzIwMjVcLzAyXC80NjY0MTcxMjFfMTIyNTE0MDMyOTEzNjMyN18zNDk3ODI3MDQ3NDg1MDU4MDk2X24uanBnIiwic2xpZGVzaG93IjoiNjEwM2Y3NSJ9\">\n\t\t\t\t\t<div class=\"e-gallery-image elementor-gallery-item__image\" data-thumbnail=\"https:\/\/restoquebueno.be\/wp-content\/uploads\/2025\/02\/466417121_1225140329136327_3497827047485058096_n-212x300.jpg\" data-width=\"212\" data-height=\"300\" aria-label=\"\" role=\"img\" ><\/div>\n\t\t\t\t\t\t\t\t\t\t\t<div class=\"elementor-gallery-item__overlay\"><\/div>\n\t\t\t\t\t\t\t\t\t\t\t\t\t\t<\/a>\n\t\t\t\t\t\t\t<a class=\"e-gallery-item elementor-gallery-item elementor-animated-content\" href=\"https:\/\/restoquebueno.be\/wp-content\/uploads\/2025\/02\/330794847_915301646172051_1972357523069769815_n.jpg\" data-elementor-open-lightbox=\"yes\" data-elementor-lightbox-slideshow=\"6103f75\" data-elementor-lightbox-title=\"330794847_915301646172051_1972357523069769815_n\" data-e-action-hash=\"#elementor-action%3Aaction%3Dlightbox%26settings%3DeyJpZCI6MTUwMywidXJsIjoiaHR0cHM6XC9cL3Jlc3RvcXVlYnVlbm8uYmVcL3dwLWNvbnRlbnRcL3VwbG9hZHNcLzIwMjVcLzAyXC8zMzA3OTQ4NDdfOTE1MzAxNjQ2MTcyMDUxXzE5NzIzNTc1MjMwNjk3Njk4MTVfbi5qcGciLCJzbGlkZXNob3ciOiI2MTAzZjc1In0%3D\">\n\t\t\t\t\t<div class=\"e-gallery-image elementor-gallery-item__image\" data-thumbnail=\"https:\/\/restoquebueno.be\/wp-content\/uploads\/2025\/02\/330794847_915301646172051_1972357523069769815_n-300x300.jpg\" data-width=\"300\" data-height=\"300\" aria-label=\"\" role=\"img\" ><\/div>\n\t\t\t\t\t\t\t\t\t\t\t<div class=\"elementor-gallery-item__overlay\"><\/div>\n\t\t\t\t\t\t\t\t\t\t\t\t\t\t<\/a>\n\t\t\t\t\t\t\t<a class=\"e-gallery-item elementor-gallery-item elementor-animated-content\" href=\"https:\/\/restoquebueno.be\/wp-content\/uploads\/2025\/02\/86485015_3205020412854865_3273464849983602688_n.jpg\" data-elementor-open-lightbox=\"yes\" data-elementor-lightbox-slideshow=\"6103f75\" data-elementor-lightbox-title=\"86485015_3205020412854865_3273464849983602688_n\" data-e-action-hash=\"#elementor-action%3Aaction%3Dlightbox%26settings%3DeyJpZCI6MTUwNCwidXJsIjoiaHR0cHM6XC9cL3Jlc3RvcXVlYnVlbm8uYmVcL3dwLWNvbnRlbnRcL3VwbG9hZHNcLzIwMjVcLzAyXC84NjQ4NTAxNV8zMjA1MDIwNDEyODU0ODY1XzMyNzM0NjQ4NDk5ODM2MDI2ODhfbi5qcGciLCJzbGlkZXNob3ciOiI2MTAzZjc1In0%3D\">\n\t\t\t\t\t<div class=\"e-gallery-image elementor-gallery-item__image\" data-thumbnail=\"https:\/\/restoquebueno.be\/wp-content\/uploads\/2025\/02\/86485015_3205020412854865_3273464849983602688_n-300x225.jpg\" data-width=\"300\" data-height=\"225\" aria-label=\"\" role=\"img\" ><\/div>\n\t\t\t\t\t\t\t\t\t\t\t<div class=\"elementor-gallery-item__overlay\"><\/div>\n\t\t\t\t\t\t\t\t\t\t\t\t\t\t<\/a>\n\t\t\t\t\t\t\t<a class=\"e-gallery-item elementor-gallery-item elementor-animated-content\" href=\"https:\/\/restoquebueno.be\/wp-content\/uploads\/2025\/02\/336169476_599770241761382_893547075882666282_n.jpg\" data-elementor-open-lightbox=\"yes\" data-elementor-lightbox-slideshow=\"6103f75\" data-elementor-lightbox-title=\"336169476_599770241761382_893547075882666282_n\" data-e-action-hash=\"#elementor-action%3Aaction%3Dlightbox%26settings%3DeyJpZCI6MTUwNSwidXJsIjoiaHR0cHM6XC9cL3Jlc3RvcXVlYnVlbm8uYmVcL3dwLWNvbnRlbnRcL3VwbG9hZHNcLzIwMjVcLzAyXC8zMzYxNjk0NzZfNTk5NzcwMjQxNzYxMzgyXzg5MzU0NzA3NTg4MjY2NjI4Ml9uLmpwZyIsInNsaWRlc2hvdyI6IjYxMDNmNzUifQ%3D%3D\">\n\t\t\t\t\t<div class=\"e-gallery-image elementor-gallery-item__image\" data-thumbnail=\"https:\/\/restoquebueno.be\/wp-content\/uploads\/2025\/02\/336169476_599770241761382_893547075882666282_n-212x300.jpg\" data-width=\"212\" data-height=\"300\" aria-label=\"\" role=\"img\" ><\/div>\n\t\t\t\t\t\t\t\t\t\t\t<div class=\"elementor-gallery-item__overlay\"><\/div>\n\t\t\t\t\t\t\t\t\t\t\t\t\t\t<\/a>\n\t\t\t\t\t\t\t<a class=\"e-gallery-item elementor-gallery-item elementor-animated-content\" href=\"https:\/\/restoquebueno.be\/wp-content\/uploads\/2025\/02\/concert.jpg\" data-elementor-open-lightbox=\"yes\" data-elementor-lightbox-slideshow=\"6103f75\" data-elementor-lightbox-title=\"concert\" data-e-action-hash=\"#elementor-action%3Aaction%3Dlightbox%26settings%3DeyJpZCI6MTQ4NCwidXJsIjoiaHR0cHM6XC9cL3Jlc3RvcXVlYnVlbm8uYmVcL3dwLWNvbnRlbnRcL3VwbG9hZHNcLzIwMjVcLzAyXC9jb25jZXJ0LmpwZyIsInNsaWRlc2hvdyI6IjYxMDNmNzUifQ%3D%3D\">\n\t\t\t\t\t<div class=\"e-gallery-image elementor-gallery-item__image\" data-thumbnail=\"https:\/\/restoquebueno.be\/wp-content\/uploads\/2025\/02\/concert-238x300.jpg\" data-width=\"238\" data-height=\"300\" aria-label=\"\" role=\"img\" ><\/div>\n\t\t\t\t\t\t\t\t\t\t\t<div class=\"elementor-gallery-item__overlay\"><\/div>\n\t\t\t\t\t\t\t\t\t\t\t\t\t\t<\/a>\n\t\t\t\t\t\t\t<a class=\"e-gallery-item elementor-gallery-item elementor-animated-content\" href=\"https:\/\/restoquebueno.be\/wp-content\/uploads\/2025\/02\/426121973_10228118435660404_4568456860450869806_n.jpg\" data-elementor-open-lightbox=\"yes\" data-elementor-lightbox-slideshow=\"6103f75\" data-elementor-lightbox-title=\"426121973_10228118435660404_4568456860450869806_n\" data-e-action-hash=\"#elementor-action%3Aaction%3Dlightbox%26settings%3DeyJpZCI6MTUwMiwidXJsIjoiaHR0cHM6XC9cL3Jlc3RvcXVlYnVlbm8uYmVcL3dwLWNvbnRlbnRcL3VwbG9hZHNcLzIwMjVcLzAyXC80MjYxMjE5NzNfMTAyMjgxMTg0MzU2NjA0MDRfNDU2ODQ1Njg2MDQ1MDg2OTgwNl9uLmpwZyIsInNsaWRlc2hvdyI6IjYxMDNmNzUifQ%3D%3D\">\n\t\t\t\t\t<div class=\"e-gallery-image elementor-gallery-item__image\" data-thumbnail=\"https:\/\/restoquebueno.be\/wp-content\/uploads\/2025\/02\/426121973_10228118435660404_4568456860450869806_n-212x300.jpg\" data-width=\"212\" data-height=\"300\" aria-label=\"\" role=\"img\" ><\/div>\n\t\t\t\t\t\t\t\t\t\t\t<div class=\"elementor-gallery-item__overlay\"><\/div>\n\t\t\t\t\t\t\t\t\t\t\t\t\t\t<\/a>\n\t\t\t\t\t\t\t<a class=\"e-gallery-item elementor-gallery-item elementor-animated-content\" href=\"https:\/\/restoquebueno.be\/wp-content\/uploads\/2025\/02\/448821435_10228844828619774_7263706610920433016_n-e1740226512842.jpg\" data-elementor-open-lightbox=\"yes\" data-elementor-lightbox-slideshow=\"6103f75\" data-elementor-lightbox-title=\"448821435_10228844828619774_7263706610920433016_n\" data-e-action-hash=\"#elementor-action%3Aaction%3Dlightbox%26settings%3DeyJpZCI6MTQ4MiwidXJsIjoiaHR0cHM6XC9cL3Jlc3RvcXVlYnVlbm8uYmVcL3dwLWNvbnRlbnRcL3VwbG9hZHNcLzIwMjVcLzAyXC80NDg4MjE0MzVfMTAyMjg4NDQ4Mjg2MTk3NzRfNzI2MzcwNjYxMDkyMDQzMzAxNl9uLWUxNzQwMjI2NTEyODQyLmpwZyIsInNsaWRlc2hvdyI6IjYxMDNmNzUifQ%3D%3D\">\n\t\t\t\t\t<div class=\"e-gallery-image elementor-gallery-item__image\" data-thumbnail=\"https:\/\/restoquebueno.be\/wp-content\/uploads\/2025\/02\/448821435_10228844828619774_7263706610920433016_n-e1740226512842-214x300.jpg\" data-width=\"214\" data-height=\"300\" aria-label=\"\" role=\"img\" ><\/div>\n\t\t\t\t\t\t\t\t\t\t\t<div class=\"elementor-gallery-item__overlay\"><\/div>\n\t\t\t\t\t\t\t\t\t\t\t\t\t\t<\/a>\n\t\t\t\t\t\t\t<a class=\"e-gallery-item elementor-gallery-item elementor-animated-content\" href=\"https:\/\/restoquebueno.be\/wp-content\/uploads\/2025\/02\/345028528_1349669348952589_6118534209465548803_n.jpg\" data-elementor-open-lightbox=\"yes\" data-elementor-lightbox-slideshow=\"6103f75\" data-elementor-lightbox-title=\"345028528_1349669348952589_6118534209465548803_n\" data-e-action-hash=\"#elementor-action%3Aaction%3Dlightbox%26settings%3DeyJpZCI6MTI5MywidXJsIjoiaHR0cHM6XC9cL3Jlc3RvcXVlYnVlbm8uYmVcL3dwLWNvbnRlbnRcL3VwbG9hZHNcLzIwMjVcLzAyXC8zNDUwMjg1MjhfMTM0OTY2OTM0ODk1MjU4OV82MTE4NTM0MjA5NDY1NTQ4ODAzX24uanBnIiwic2xpZGVzaG93IjoiNjEwM2Y3NSJ9\">\n\t\t\t\t\t<div class=\"e-gallery-image elementor-gallery-item__image\" data-thumbnail=\"https:\/\/restoquebueno.be\/wp-content\/uploads\/2025\/02\/345028528_1349669348952589_6118534209465548803_n-300x225.jpg\" data-width=\"300\" data-height=\"225\" aria-label=\"\" role=\"img\" ><\/div>\n\t\t\t\t\t\t\t\t\t\t\t<div class=\"elementor-gallery-item__overlay\"><\/div>\n\t\t\t\t\t\t\t\t\t\t\t\t\t\t<\/a>\n\t\t\t\t\t<\/div>\n\t\t\t\t\t<\/div>\n\t\t\t\t<\/div>\n\t\t\t\t\t<\/div>\n\t\t<\/div>\n\t\t\t\t\t<\/div>\n\t\t<\/section>\n\t\t\t\t<section class=\"elementor-section elementor-top-section elementor-element elementor-element-f5019bd elementor-section-boxed elementor-section-height-default elementor-section-height-default\" data-id=\"f5019bd\" data-element_type=\"section\" data-e-type=\"section\">\n\t\t\t\t\t\t<div class=\"elementor-container elementor-column-gap-default\">\n\t\t\t\t\t<div class=\"elementor-column elementor-col-100 elementor-top-column elementor-element elementor-element-15b2c02\" data-id=\"15b2c02\" data-element_type=\"column\" data-e-type=\"column\">\n\t\t\t<div class=\"elementor-widget-wrap elementor-element-populated\">\n\t\t\t\t\t\t<div class=\"elementor-element elementor-element-5c607b2 elementor-widget elementor-widget-heading\" data-id=\"5c607b2\" data-element_type=\"widget\" data-e-type=\"widget\" data-widget_type=\"heading.default\">\n\t\t\t\t<div class=\"elementor-widget-container\">\n\t\t\t\t\t<h2 class=\"elementor-heading-title elementor-size-default\">Vid\u00e9os<\/h2>\t\t\t\t<\/div>\n\t\t\t\t<\/div>\n\t\t\t\t\t<\/div>\n\t\t<\/div>\n\t\t\t\t\t<\/div>\n\t\t<\/section>\n\t\t\t\t<section class=\"elementor-section elementor-top-section elementor-element elementor-element-883de0d elementor-section-boxed elementor-section-height-default elementor-section-height-default\" data-id=\"883de0d\" data-element_type=\"section\" data-e-type=\"section\">\n\t\t\t\t\t\t<div class=\"elementor-container elementor-column-gap-default\">\n\t\t\t\t\t<div class=\"elementor-column elementor-col-100 elementor-top-column elementor-element elementor-element-010780c\" data-id=\"010780c\" data-element_type=\"column\" data-e-type=\"column\">\n\t\t\t<div class=\"elementor-widget-wrap elementor-element-populated\">\n\t\t\t\t\t\t<div class=\"elementor-element elementor-element-9661bdf elementor-widget elementor-widget-text-editor\" data-id=\"9661bdf\" data-element_type=\"widget\" data-e-type=\"widget\" data-widget_type=\"text-editor.default\">\n\t\t\t\t<div class=\"elementor-widget-container\">\n\t\t\t\t\t\t\t\t\t<ul><li><a href=\"https:\/\/www.facebook.com\/100004515371886\/videos\/1068886045008044\/\">animation du 08 f\u00e9vrier 2025<\/a><\/li><li><a href=\"https:\/\/www.facebook.com\/100004515371886\/videos\/547341437945458\/\">animation du 18 octobre 2024<\/a><\/li><li><a href=\"https:\/\/www.facebook.com\/100004515371886\/videos\/489994400058212\/\">animation du 23 juin 2024<\/a><\/li><\/ul>\t\t\t\t\t\t\t\t<\/div>\n\t\t\t\t<\/div>\n\t\t\t\t\t<\/div>\n\t\t<\/div>\n\t\t\t\t\t<\/div>\n\t\t<\/section>\n\t\t\t\t<\/div>\n\t\t","protected":false},"excerpt":{"rendered":"<p>Ambiance 100 % espagnole chez nous ! Certains dimanches et certaines soir\u00e9es, laissez-vous emporter par la passion du Flamenco ! Des danseuses envo\u00fbtantes viennent enflammer le restaurant avec une performance pleine d\u2019\u00e9motion et d\u2019\u00e9nergie. Et pour encore plus d\u2019ambiance, des groupes espagnols de la r\u00e9gion animent nos soir\u00e9es \u00e0 th\u00e8me avec musique et bonne humeur. [&hellip;]<\/p>\n","protected":false},"author":8,"featured_media":0,"parent":0,"menu_order":0,"comment_status":"closed","ping_status":"closed","template":"","meta":{"inline_featured_image":false,"footnotes":""},"class_list":["post-1141","page","type-page","status-publish","hentry"],"jetpack_sharing_enabled":true,"_links":{"self":[{"href":"https:\/\/restoquebueno.be\/index.php?rest_route=\/wp\/v2\/pages\/1141","targetHints":{"allow":["GET"]}}],"collection":[{"href":"https:\/\/restoquebueno.be\/index.php?rest_route=\/wp\/v2\/pages"}],"about":[{"href":"https:\/\/restoquebueno.be\/index.php?rest_route=\/wp\/v2\/types\/page"}],"author":[{"embeddable":true,"href":"https:\/\/restoquebueno.be\/index.php?rest_route=\/wp\/v2\/users\/8"}],"replies":[{"embeddable":true,"href":"https:\/\/restoquebueno.be\/index.php?rest_route=%2Fwp%2Fv2%2Fcomments&post=1141"}],"version-history":[{"count":49,"href":"https:\/\/restoquebueno.be\/index.php?rest_route=\/wp\/v2\/pages\/1141\/revisions"}],"predecessor-version":[{"id":1594,"href":"https:\/\/restoquebueno.be\/index.php?rest_route=\/wp\/v2\/pages\/1141\/revisions\/1594"}],"wp:attachment":[{"href":"https:\/\/restoquebueno.be\/index.php?rest_route=%2Fwp%2Fv2%2Fmedia&parent=1141"}],"curies":[{"name":"wp","href":"https:\/\/api.w.org\/{rel}","templated":true}]}}